{"id":4079,"date":"2025-12-24T01:07:47","date_gmt":"2025-12-24T01:07:47","guid":{"rendered":"https:\/\/www.hwahae.com\/blog\/?page_id=4079"},"modified":"2025-12-24T01:17:24","modified_gmt":"2025-12-24T01:17:24","slug":"tendencias-k-beauty","status":"publish","type":"page","link":"https:\/\/www.hwahae.com\/blog\/es\/tendencias-k-beauty\/","title":{"rendered":"Tendencias K-Beauty"},"content":{"rendered":"\t\t<div data-elementor-type=\"wp-page\" data-elementor-id=\"4079\" class=\"elementor elementor-4079\" data-elementor-post-type=\"page\">\n\t\t\t\t<div class=\"elementor-element elementor-element-12ef765f e-flex e-con-boxed e-con e-parent\" data-id=\"12ef765f\" data-element_type=\"container\">\n\t\t\t\t\t<div class=\"e-con-inner\">\n\t\t\t\t<div class=\"elementor-element elementor-element-14481f67 elementor-widget elementor-widget-spacer\" data-id=\"14481f67\" data-element_type=\"widget\" data-widget_type=\"spacer.default\">\n\t\t\t\t\t\t\t<div class=\"elementor-spacer\">\n\t\t\t<div class=\"elementor-spacer-inner\"><\/div>\n\t\t<\/div>\n\t\t\t\t\t\t<\/div>\n\t\t\t\t<div class=\"elementor-element elementor-element-697dacc1 elementor-widget elementor-widget-heading\" data-id=\"697dacc1\" data-element_type=\"widget\" data-widget_type=\"heading.default\">\n\t\t\t\t\t<h1 class=\"elementor-heading-title elementor-size-default\">Tendencias K-Beauty<\/h1>\t\t\t\t<\/div>\n\t\t\t\t<div class=\"elementor-element elementor-element-59f1577a elementor-widget elementor-widget-spacer\" data-id=\"59f1577a\" data-element_type=\"widget\" data-widget_type=\"spacer.default\">\n\t\t\t\t\t\t\t<div class=\"elementor-spacer\">\n\t\t\t<div class=\"elementor-spacer-inner\"><\/div>\n\t\t<\/div>\n\t\t\t\t\t\t<\/div>\n\t\t\t\t<div class=\"elementor-element elementor-element-49a48b4b elementor-widget elementor-widget-heading\" data-id=\"49a48b4b\" data-element_type=\"widget\" data-widget_type=\"heading.default\">\n\t\t\t\t\t<h2 class=\"elementor-heading-title elementor-size-default\">Lo m\u00e1s comentado del K-Beauty ahora<\/h2>\t\t\t\t<\/div>\n\t\t\t\t<div class=\"elementor-element elementor-element-1459705 elementor-widget elementor-widget-spacer\" data-id=\"1459705\" data-element_type=\"widget\" data-widget_type=\"spacer.default\">\n\t\t\t\t\t\t\t<div class=\"elementor-spacer\">\n\t\t\t<div class=\"elementor-spacer-inner\"><\/div>\n\t\t<\/div>\n\t\t\t\t\t\t<\/div>\n\t\t\t\t<div class=\"elementor-element elementor-element-20fadd26 elementor-grid-3 elementor-grid-tablet-2 elementor-grid-mobile-1 elementor-posts--thumbnail-top elementor-widget elementor-widget-posts\" data-id=\"20fadd26\" data-element_type=\"widget\" data-settings=\"{&quot;classic_row_gap&quot;:{&quot;unit&quot;:&quot;px&quot;,&quot;size&quot;:60,&quot;sizes&quot;:[]},&quot;pagination_type&quot;:&quot;numbers_and_prev_next&quot;,&quot;classic_row_gap_mobile&quot;:{&quot;unit&quot;:&quot;px&quot;,&quot;size&quot;:30,&quot;sizes&quot;:[]},&quot;classic_columns&quot;:&quot;3&quot;,&quot;classic_columns_tablet&quot;:&quot;2&quot;,&quot;classic_columns_mobile&quot;:&quot;1&quot;,&quot;classic_row_gap_tablet&quot;:{&quot;unit&quot;:&quot;px&quot;,&quot;size&quot;:&quot;&quot;,&quot;sizes&quot;:[]}}\" data-widget_type=\"posts.classic\">\n\t\t\t\t<div class=\"elementor-widget-container\">\n\t\t\t\t\t\t\t<div class=\"elementor-posts-container elementor-posts elementor-posts--skin-classic elementor-grid\" role=\"list\">\n\t\t\t\t<article class=\"elementor-post elementor-grid-item post-6079 post type-post status-publish format-standard has-post-thumbnail hentry category-trending-in-k-beauty-es\" role=\"listitem\">\n\t\t\t\t<a class=\"elementor-post__thumbnail__link\" href=\"https:\/\/www.hwahae.com\/blog\/es\/2026\/02\/10\/glow-skin-dewy-makeup-es\/\" tabindex=\"-1\" >\n\t\t\t<div class=\"elementor-post__thumbnail\"><img fetchpriority=\"high\" decoding=\"async\" width=\"1024\" height=\"614\" src=\"https:\/\/www.hwahae.com\/blog\/wp-content\/uploads\/2026\/02\/Glow-Skin-Guide_1600x960-1024x614.png\" class=\"attachment-large size-large wp-image-6085\" alt=\"Rutina de cuidado de la piel antes del maquillaje con productos hidratantes y glow, dise\u00f1ada para crear piel luminosa y un acabado de maquillaje jugoso y equilibrado.\" srcset=\"https:\/\/www.hwahae.com\/blog\/wp-content\/uploads\/2026\/02\/Glow-Skin-Guide_1600x960-1024x614.png 1024w, https:\/\/www.hwahae.com\/blog\/wp-content\/uploads\/2026\/02\/Glow-Skin-Guide_1600x960-300x180.png 300w, https:\/\/www.hwahae.com\/blog\/wp-content\/uploads\/2026\/02\/Glow-Skin-Guide_1600x960-768x461.png 768w, https:\/\/www.hwahae.com\/blog\/wp-content\/uploads\/2026\/02\/Glow-Skin-Guide_1600x960-1536x922.png 1536w, https:\/\/www.hwahae.com\/blog\/wp-content\/uploads\/2026\/02\/Glow-Skin-Guide_1600x960.png 1600w\" sizes=\"(max-width: 1024px) 100vw, 1024px\" \/><\/div>\n\t\t<\/a>\n\t\t\t\t<div class=\"elementor-post__text\">\n\t\t\t\t<h3 class=\"elementor-post__title\">\n\t\t\t<a href=\"https:\/\/www.hwahae.com\/blog\/es\/2026\/02\/10\/glow-skin-dewy-makeup-es\/\" >\n\t\t\t\tC\u00f3mo lograr una piel luminosa: los pasos base del maquillaje para una piel glow y jugosa\t\t\t<\/a>\n\t\t<\/h3>\n\t\t\t\t<div class=\"elementor-post__meta-data\">\n\t\t\t\t\t<span class=\"elementor-post-date\">\n\t\t\t2\uc6d4 10, 2026\t\t<\/span>\n\t\t\t\t<\/div>\n\t\t\t\t<div class=\"elementor-post__excerpt\">\n\t\t\t<p>Descubre c\u00f3mo crear una base correcta antes del maquillaje para lograr una piel luminosa. Esta gu\u00eda explica c\u00f3mo\t\t<\/div>\n\t\t\t\t<\/div>\n\t\t\t\t<\/article>\n\t\t\t\t<article class=\"elementor-post elementor-grid-item post-5587 post type-post status-publish format-standard has-post-thumbnail hentry category-hwahae_top_picks-es category-trending-in-k-beauty-es\" role=\"listitem\">\n\t\t\t\t<a class=\"elementor-post__thumbnail__link\" href=\"https:\/\/www.hwahae.com\/blog\/es\/2026\/01\/27\/hydrating-toner-es\/\" tabindex=\"-1\" >\n\t\t\t<div class=\"elementor-post__thumbnail\"><img decoding=\"async\" width=\"1024\" height=\"614\" src=\"https:\/\/www.hwahae.com\/blog\/wp-content\/uploads\/2026\/01\/Hydrating-Toner_1600x960-1-1024x614.png\" class=\"attachment-large size-large wp-image-5668\" alt=\"3 hydrating toners submerged in clean water\" srcset=\"https:\/\/www.hwahae.com\/blog\/wp-content\/uploads\/2026\/01\/Hydrating-Toner_1600x960-1-1024x614.png 1024w, https:\/\/www.hwahae.com\/blog\/wp-content\/uploads\/2026\/01\/Hydrating-Toner_1600x960-1-300x180.png 300w, https:\/\/www.hwahae.com\/blog\/wp-content\/uploads\/2026\/01\/Hydrating-Toner_1600x960-1-768x461.png 768w, https:\/\/www.hwahae.com\/blog\/wp-content\/uploads\/2026\/01\/Hydrating-Toner_1600x960-1-1536x922.png 1536w, https:\/\/www.hwahae.com\/blog\/wp-content\/uploads\/2026\/01\/Hydrating-Toner_1600x960-1.png 1600w\" sizes=\"(max-width: 1024px) 100vw, 1024px\" \/><\/div>\n\t\t<\/a>\n\t\t\t\t<div class=\"elementor-post__text\">\n\t\t\t\t<h3 class=\"elementor-post__title\">\n\t\t\t<a href=\"https:\/\/www.hwahae.com\/blog\/es\/2026\/01\/27\/hydrating-toner-es\/\" >\n\t\t\t\tT\u00f3nico hidratante explicado: cu\u00e1ndo funciona y cu\u00e1ndo es innecesario\t\t\t<\/a>\n\t\t<\/h3>\n\t\t\t\t<div class=\"elementor-post__meta-data\">\n\t\t\t\t\t<span class=\"elementor-post-date\">\n\t\t\t1\uc6d4 27, 2026\t\t<\/span>\n\t\t\t\t<\/div>\n\t\t\t\t<div class=\"elementor-post__excerpt\">\n\t\t\t<p>El t\u00f3nico hidratante es uno de los pasos m\u00e1s debatidos en las rutinas de cuidado de la piel.\t\t<\/div>\n\t\t\t\t<\/div>\n\t\t\t\t<\/article>\n\t\t\t\t<article class=\"elementor-post elementor-grid-item post-5286 post type-post status-publish format-standard has-post-thumbnail hentry category-trending-in-k-beauty-es\" role=\"listitem\">\n\t\t\t\t<a class=\"elementor-post__thumbnail__link\" href=\"https:\/\/www.hwahae.com\/blog\/es\/2026\/01\/20\/rejuran-aftercare-skincare-es\/\" tabindex=\"-1\" >\n\t\t\t<div class=\"elementor-post__thumbnail\"><img decoding=\"async\" width=\"1024\" height=\"614\" src=\"https:\/\/www.hwahae.com\/blog\/wp-content\/uploads\/2026\/01\/Rejuran-Aftercare-Skincare_1600x960-1-1024x614.png\" class=\"attachment-large size-large wp-image-5288\" alt=\"Productos coreanos de cuidado post-tratamiento utilizados habitualmente para calmar la piel, aportar hidrataci\u00f3n y apoyar la reparaci\u00f3n de la barrera cut\u00e1nea despu\u00e9s de tratamientos cosm\u00e9ticos de la piel.\" srcset=\"https:\/\/www.hwahae.com\/blog\/wp-content\/uploads\/2026\/01\/Rejuran-Aftercare-Skincare_1600x960-1-1024x614.png 1024w, https:\/\/www.hwahae.com\/blog\/wp-content\/uploads\/2026\/01\/Rejuran-Aftercare-Skincare_1600x960-1-300x180.png 300w, https:\/\/www.hwahae.com\/blog\/wp-content\/uploads\/2026\/01\/Rejuran-Aftercare-Skincare_1600x960-1-768x461.png 768w, https:\/\/www.hwahae.com\/blog\/wp-content\/uploads\/2026\/01\/Rejuran-Aftercare-Skincare_1600x960-1-1536x922.png 1536w, https:\/\/www.hwahae.com\/blog\/wp-content\/uploads\/2026\/01\/Rejuran-Aftercare-Skincare_1600x960-1.png 1600w\" sizes=\"(max-width: 1024px) 100vw, 1024px\" \/><\/div>\n\t\t<\/a>\n\t\t\t\t<div class=\"elementor-post__text\">\n\t\t\t\t<h3 class=\"elementor-post__title\">\n\t\t\t<a href=\"https:\/\/www.hwahae.com\/blog\/es\/2026\/01\/20\/rejuran-aftercare-skincare-es\/\" >\n\t\t\t\tRejuran Aftercare Skincare: c\u00f3mo cuidar la piel sensible despu\u00e9s del tratamiento\t\t\t<\/a>\n\t\t<\/h3>\n\t\t\t\t<div class=\"elementor-post__meta-data\">\n\t\t\t\t\t<span class=\"elementor-post-date\">\n\t\t\t1\uc6d4 20, 2026\t\t<\/span>\n\t\t\t\t<\/div>\n\t\t\t\t<div class=\"elementor-post__excerpt\">\n\t\t\t<p>Aprende c\u00f3mo cuidar la piel sensible despu\u00e9s de Rejuran y otros tratamientos cosm\u00e9ticos de la piel, con foco\t\t<\/div>\n\t\t\t\t<\/div>\n\t\t\t\t<\/article>\n\t\t\t\t<article class=\"elementor-post elementor-grid-item post-5037 post type-post status-publish format-standard has-post-thumbnail hentry category-hwahae_top_picks-es category-trending-in-k-beauty-es\" role=\"listitem\">\n\t\t\t\t<a class=\"elementor-post__thumbnail__link\" href=\"https:\/\/www.hwahae.com\/blog\/es\/2026\/01\/15\/kbeauty-face-cleanser-guide-es\/\" tabindex=\"-1\" >\n\t\t\t<div class=\"elementor-post__thumbnail\"><img loading=\"lazy\" decoding=\"async\" width=\"1024\" height=\"614\" src=\"https:\/\/www.hwahae.com\/blog\/wp-content\/uploads\/2026\/01\/cleanser_1600x960_2-1024x614.png\" class=\"attachment-large size-large wp-image-5015\" alt=\"\u6d17\u9854\u30d5\u30a9\u30fc\u30e0\u3067\u9854\u3092\u6d17\u3046\u5973\u6027\u3002\u4ed6\u306b\u3082\u6d17\u9854\u30aa\u30a4\u30eb\u3001\u6d17\u9854\u30d0\u30fc\u30e0\u3001\u6d17\u9854\u30b7\u30fc\u30c8\u3001\u6d17\u9854\u30df\u30eb\u30af\u306a\u3069\u69d8\u3005\u306a\u9078\u629e\u80a2\u304c\u3042\u308b\u3002\" srcset=\"https:\/\/www.hwahae.com\/blog\/wp-content\/uploads\/2026\/01\/cleanser_1600x960_2-1024x614.png 1024w, https:\/\/www.hwahae.com\/blog\/wp-content\/uploads\/2026\/01\/cleanser_1600x960_2-300x180.png 300w, https:\/\/www.hwahae.com\/blog\/wp-content\/uploads\/2026\/01\/cleanser_1600x960_2-768x461.png 768w, https:\/\/www.hwahae.com\/blog\/wp-content\/uploads\/2026\/01\/cleanser_1600x960_2-1536x922.png 1536w, https:\/\/www.hwahae.com\/blog\/wp-content\/uploads\/2026\/01\/cleanser_1600x960_2.png 1600w\" sizes=\"(max-width: 1024px) 100vw, 1024px\" \/><\/div>\n\t\t<\/a>\n\t\t\t\t<div class=\"elementor-post__text\">\n\t\t\t\t<h3 class=\"elementor-post__title\">\n\t\t\t<a href=\"https:\/\/www.hwahae.com\/blog\/es\/2026\/01\/15\/kbeauty-face-cleanser-guide-es\/\" >\n\t\t\t\tLimpiador facial para todo tipo de pieles: c\u00f3mo elegir el limpiador adecuado\t\t\t<\/a>\n\t\t<\/h3>\n\t\t\t\t<div class=\"elementor-post__meta-data\">\n\t\t\t\t\t<span class=\"elementor-post-date\">\n\t\t\t1\uc6d4 15, 2026\t\t<\/span>\n\t\t\t\t<\/div>\n\t\t\t\t<div class=\"elementor-post__excerpt\">\n\t\t\t<p>Desde aceites y b\u00e1lsamos limpiadores hasta aguas micelares, leches y espumas, aprende a elegir el limpiador facial adecuado\t\t<\/div>\n\t\t\t\t<\/div>\n\t\t\t\t<\/article>\n\t\t\t\t<article class=\"elementor-post elementor-grid-item post-4976 post type-post status-publish format-standard has-post-thumbnail hentry category-trending-in-k-beauty-es\" role=\"listitem\">\n\t\t\t\t<a class=\"elementor-post__thumbnail__link\" href=\"https:\/\/www.hwahae.com\/blog\/es\/2026\/01\/12\/5-k-pop-idol-cleansing-care-es\/\" tabindex=\"-1\" >\n\t\t\t<div class=\"elementor-post__thumbnail\"><img loading=\"lazy\" decoding=\"async\" width=\"1024\" height=\"614\" src=\"https:\/\/www.hwahae.com\/blog\/wp-content\/uploads\/2025\/12\/15_idol-Cleanser_1600x960-1024x614.png\" class=\"attachment-large size-large wp-image-4153\" alt=\"k-pop idol&#039;s cleansing picks banner image\" srcset=\"https:\/\/www.hwahae.com\/blog\/wp-content\/uploads\/2025\/12\/15_idol-Cleanser_1600x960-1024x614.png 1024w, https:\/\/www.hwahae.com\/blog\/wp-content\/uploads\/2025\/12\/15_idol-Cleanser_1600x960-300x180.png 300w, https:\/\/www.hwahae.com\/blog\/wp-content\/uploads\/2025\/12\/15_idol-Cleanser_1600x960-768x461.png 768w, https:\/\/www.hwahae.com\/blog\/wp-content\/uploads\/2025\/12\/15_idol-Cleanser_1600x960-1536x922.png 1536w, https:\/\/www.hwahae.com\/blog\/wp-content\/uploads\/2025\/12\/15_idol-Cleanser_1600x960.png 1600w\" sizes=\"(max-width: 1024px) 100vw, 1024px\" \/><\/div>\n\t\t<\/a>\n\t\t\t\t<div class=\"elementor-post__text\">\n\t\t\t\t<h3 class=\"elementor-post__title\">\n\t\t\t<a href=\"https:\/\/www.hwahae.com\/blog\/es\/2026\/01\/12\/5-k-pop-idol-cleansing-care-es\/\" >\n\t\t\t\t5 Cuidado de limpieza de las idols del K-pop: lo que realmente usan\t\t\t<\/a>\n\t\t<\/h3>\n\t\t\t\t<div class=\"elementor-post__meta-data\">\n\t\t\t\t\t<span class=\"elementor-post-date\">\n\t\t\t1\uc6d4 12, 2026\t\t<\/span>\n\t\t\t\t<\/div>\n\t\t\t\t<div class=\"elementor-post__excerpt\">\n\t\t\t<p>Descubre qu\u00e9 limpiadores utilizan los \u00eddolos del K-pop y encuentra el m\u00e1s adecuado para tu tipo de piel\t\t<\/div>\n\t\t\t\t<\/div>\n\t\t\t\t<\/article>\n\t\t\t\t<article class=\"elementor-post elementor-grid-item post-4963 post type-post status-publish format-standard has-post-thumbnail hentry category-trending-in-k-beauty-es\" role=\"listitem\">\n\t\t\t\t<a class=\"elementor-post__thumbnail__link\" href=\"https:\/\/www.hwahae.com\/blog\/es\/2026\/01\/12\/slow-aging-skincare-30s-es\/\" tabindex=\"-1\" >\n\t\t\t<div class=\"elementor-post__thumbnail\"><img loading=\"lazy\" decoding=\"async\" width=\"1024\" height=\"614\" src=\"https:\/\/www.hwahae.com\/blog\/wp-content\/uploads\/2026\/01\/EGF-Collagen_1600x960-1024x614.png\" class=\"attachment-large size-large wp-image-4950\" alt=\"Banner image of slow aging skincare\" srcset=\"https:\/\/www.hwahae.com\/blog\/wp-content\/uploads\/2026\/01\/EGF-Collagen_1600x960-1024x614.png 1024w, https:\/\/www.hwahae.com\/blog\/wp-content\/uploads\/2026\/01\/EGF-Collagen_1600x960-300x180.png 300w, https:\/\/www.hwahae.com\/blog\/wp-content\/uploads\/2026\/01\/EGF-Collagen_1600x960-768x461.png 768w, https:\/\/www.hwahae.com\/blog\/wp-content\/uploads\/2026\/01\/EGF-Collagen_1600x960-1536x922.png 1536w, https:\/\/www.hwahae.com\/blog\/wp-content\/uploads\/2026\/01\/EGF-Collagen_1600x960.png 1600w\" sizes=\"(max-width: 1024px) 100vw, 1024px\" \/><\/div>\n\t\t<\/a>\n\t\t\t\t<div class=\"elementor-post__text\">\n\t\t\t\t<h3 class=\"elementor-post__title\">\n\t\t\t<a href=\"https:\/\/www.hwahae.com\/blog\/es\/2026\/01\/12\/slow-aging-skincare-30s-es\/\" >\n\t\t\t\tM\u00e1s de 30 productos antienvejecimiento para el cuidado de la piel: c\u00f3mo act\u00faan conjuntamente el col\u00e1geno, el EGF y el retinol\t\t\t<\/a>\n\t\t<\/h3>\n\t\t\t\t<div class=\"elementor-post__meta-data\">\n\t\t\t\t\t<span class=\"elementor-post-date\">\n\t\t\t1\uc6d4 12, 2026\t\t<\/span>\n\t\t\t\t<\/div>\n\t\t\t\t<div class=\"elementor-post__excerpt\">\n\t\t\t<p>Crea una rutina de slow aging 30+ con col\u00e1geno, EGF y retinol. Descubre c\u00f3mo ayudan a la firmeza,\t\t<\/div>\n\t\t\t\t<\/div>\n\t\t\t\t<\/article>\n\t\t\t\t<article class=\"elementor-post elementor-grid-item post-4930 post type-post status-publish format-standard has-post-thumbnail hentry category-trending-in-k-beauty-es\" role=\"listitem\">\n\t\t\t\t<a class=\"elementor-post__thumbnail__link\" href=\"https:\/\/www.hwahae.com\/blog\/es\/2026\/01\/09\/cuidado-de-la-piel-coreano-2050\/\" tabindex=\"-1\" >\n\t\t\t<div class=\"elementor-post__thumbnail\"><img loading=\"lazy\" decoding=\"async\" width=\"1024\" height=\"614\" src=\"https:\/\/www.hwahae.com\/blog\/wp-content\/uploads\/2025\/10\/6_k-beauty-2050_1600x960-1024x614.png\" class=\"attachment-large size-large wp-image-4144\" alt=\"\" srcset=\"https:\/\/www.hwahae.com\/blog\/wp-content\/uploads\/2025\/10\/6_k-beauty-2050_1600x960-1024x614.png 1024w, https:\/\/www.hwahae.com\/blog\/wp-content\/uploads\/2025\/10\/6_k-beauty-2050_1600x960-300x180.png 300w, https:\/\/www.hwahae.com\/blog\/wp-content\/uploads\/2025\/10\/6_k-beauty-2050_1600x960-768x461.png 768w, https:\/\/www.hwahae.com\/blog\/wp-content\/uploads\/2025\/10\/6_k-beauty-2050_1600x960-1536x922.png 1536w, https:\/\/www.hwahae.com\/blog\/wp-content\/uploads\/2025\/10\/6_k-beauty-2050_1600x960.png 1600w\" sizes=\"(max-width: 1024px) 100vw, 1024px\" \/><\/div>\n\t\t<\/a>\n\t\t\t\t<div class=\"elementor-post__text\">\n\t\t\t\t<h3 class=\"elementor-post__title\">\n\t\t\t<a href=\"https:\/\/www.hwahae.com\/blog\/es\/2026\/01\/09\/cuidado-de-la-piel-coreano-2050\/\" >\n\t\t\t\tEl cuidado de la piel coreano en 2050 | Gu\u00eda innovadora de K-beauty\t\t\t<\/a>\n\t\t<\/h3>\n\t\t\t\t<div class=\"elementor-post__meta-data\">\n\t\t\t\t\t<span class=\"elementor-post-date\">\n\t\t\t1\uc6d4 9, 2026\t\t<\/span>\n\t\t\t\t<\/div>\n\t\t\t\t<div class=\"elementor-post__excerpt\">\n\t\t\t<p>Descubre los innovadores productos coreanos para el cuidado de la piel, desde b\u00e1lsamos limpiadores fundentes hasta cremas boba\t\t<\/div>\n\t\t\t\t<\/div>\n\t\t\t\t<\/article>\n\t\t\t\t<article class=\"elementor-post elementor-grid-item post-4518 post type-post status-publish format-standard has-post-thumbnail hentry category-trending-in-k-beauty-es\" role=\"listitem\">\n\t\t\t\t<a class=\"elementor-post__thumbnail__link\" href=\"https:\/\/www.hwahae.com\/blog\/es\/2026\/01\/05\/es-slowaging-antiaging-korean-skincare\/\" tabindex=\"-1\" >\n\t\t\t<div class=\"elementor-post__thumbnail\"><img loading=\"lazy\" decoding=\"async\" width=\"1024\" height=\"614\" src=\"https:\/\/www.hwahae.com\/blog\/wp-content\/uploads\/2025\/10\/7_Slow-Aging_1600x960-1024x614.png\" class=\"attachment-large size-large wp-image-4145\" alt=\"\" srcset=\"https:\/\/www.hwahae.com\/blog\/wp-content\/uploads\/2025\/10\/7_Slow-Aging_1600x960-1024x614.png 1024w, https:\/\/www.hwahae.com\/blog\/wp-content\/uploads\/2025\/10\/7_Slow-Aging_1600x960-300x180.png 300w, https:\/\/www.hwahae.com\/blog\/wp-content\/uploads\/2025\/10\/7_Slow-Aging_1600x960-768x461.png 768w, https:\/\/www.hwahae.com\/blog\/wp-content\/uploads\/2025\/10\/7_Slow-Aging_1600x960-1536x922.png 1536w, https:\/\/www.hwahae.com\/blog\/wp-content\/uploads\/2025\/10\/7_Slow-Aging_1600x960.png 1600w\" sizes=\"(max-width: 1024px) 100vw, 1024px\" \/><\/div>\n\t\t<\/a>\n\t\t\t\t<div class=\"elementor-post__text\">\n\t\t\t\t<h3 class=\"elementor-post__title\">\n\t\t\t<a href=\"https:\/\/www.hwahae.com\/blog\/es\/2026\/01\/05\/es-slowaging-antiaging-korean-skincare\/\" >\n\t\t\t\tSlow Aging: El secreto de la K-Beauty para una piel atemporal\t\t\t<\/a>\n\t\t<\/h3>\n\t\t\t\t<div class=\"elementor-post__meta-data\">\n\t\t\t\t\t<span class=\"elementor-post-date\">\n\t\t\t1\uc6d4 5, 2026\t\t<\/span>\n\t\t\t\t<\/div>\n\t\t\t\t<div class=\"elementor-post__excerpt\">\n\t\t\t<p>Discover how K-Beauty helps slow visible signs of aging through antioxidant, peptide, and retinol-based ingredients.<\/p>\t\t<\/div>\n\t\t\t\t<\/div>\n\t\t\t\t<\/article>\n\t\t\t\t<article class=\"elementor-post elementor-grid-item post-4273 post type-post status-publish format-standard has-post-thumbnail hentry category-trending-in-k-beauty-es\" role=\"listitem\">\n\t\t\t\t<a class=\"elementor-post__thumbnail__link\" href=\"https:\/\/www.hwahae.com\/blog\/es\/2025\/12\/31\/viral-k-beauty-products-es\/\" tabindex=\"-1\" >\n\t\t\t<div class=\"elementor-post__thumbnail\"><img loading=\"lazy\" decoding=\"async\" width=\"1024\" height=\"614\" src=\"https:\/\/www.hwahae.com\/blog\/wp-content\/uploads\/2025\/12\/7-Viral-K-Beauty-Products_1600x960-1-1024x614.png\" class=\"attachment-large size-large wp-image-4270\" alt=\"TikTok\u3067\u8a71\u984c\u6cb8\u9a30\u4e2d\u306e\u97d3\u56fd\u30b3\u30b9\u30e1\u5546\u54c1\u306e\u30d0\u30ca\u30fc\u753b\u50cf\" srcset=\"https:\/\/www.hwahae.com\/blog\/wp-content\/uploads\/2025\/12\/7-Viral-K-Beauty-Products_1600x960-1-1024x614.png 1024w, https:\/\/www.hwahae.com\/blog\/wp-content\/uploads\/2025\/12\/7-Viral-K-Beauty-Products_1600x960-1-300x180.png 300w, https:\/\/www.hwahae.com\/blog\/wp-content\/uploads\/2025\/12\/7-Viral-K-Beauty-Products_1600x960-1-768x461.png 768w, https:\/\/www.hwahae.com\/blog\/wp-content\/uploads\/2025\/12\/7-Viral-K-Beauty-Products_1600x960-1-1536x922.png 1536w, https:\/\/www.hwahae.com\/blog\/wp-content\/uploads\/2025\/12\/7-Viral-K-Beauty-Products_1600x960-1.png 1600w\" sizes=\"(max-width: 1024px) 100vw, 1024px\" \/><\/div>\n\t\t<\/a>\n\t\t\t\t<div class=\"elementor-post__text\">\n\t\t\t\t<h3 class=\"elementor-post__title\">\n\t\t\t<a href=\"https:\/\/www.hwahae.com\/blog\/es\/2025\/12\/31\/viral-k-beauty-products-es\/\" >\n\t\t\t\t7 Productos Virales de K-Beauty que Son Tendencia en 2026\t\t\t<\/a>\n\t\t<\/h3>\n\t\t\t\t<div class=\"elementor-post__meta-data\">\n\t\t\t\t\t<span class=\"elementor-post-date\">\n\t\t\t12\uc6d4 31, 2025\t\t<\/span>\n\t\t\t\t<\/div>\n\t\t\t\t<div class=\"elementor-post__excerpt\">\n\t\t\t<p>Discover 7 viral K-beauty products trending on social media. Innovative textures, unique packaging, and performance-proven Korean skincare picks.<\/p>\t\t<\/div>\n\t\t\t\t<\/div>\n\t\t\t\t<\/article>\n\t\t\t\t<\/div>\n\t\t\n\t\t\t\t<div class=\"e-load-more-anchor\" data-page=\"1\" data-max-page=\"2\" data-next-page=\"https:\/\/www.hwahae.com\/blog\/wp-json\/wp\/v2\/pages\/4079\/page\/2\/\"><\/div>\n\t\t\t\t<nav class=\"elementor-pagination\" aria-label=\"Pagination\">\n\t\t\t<span class=\"page-numbers prev\">&laquo; Previous<\/span>\n<span aria-current=\"page\" class=\"page-numbers current\"><span class=\"elementor-screen-only\">Page<\/span>1<\/span>\n<a class=\"page-numbers\" href=\"https:\/\/www.hwahae.com\/blog\/wp-json\/wp\/v2\/pages\/4079\/page\/2\/\"><span class=\"elementor-screen-only\">Page<\/span>2<\/a>\n<a class=\"page-numbers next\" href=\"https:\/\/www.hwahae.com\/blog\/wp-json\/wp\/v2\/pages\/4079\/page\/2\/\">Next &raquo;<\/a>\t\t<\/nav>\n\t\t\t\t\t\t<\/div>\n\t\t\t\t<\/div>\n\t\t\t\t\t<\/div>\n\t\t\t\t<\/div>\n\t\t\t\t<\/div>\n\t\t","protected":false},"excerpt":{"rendered":"<p>Tendencias K-Beauty Lo m\u00e1s comentado del K-Beauty ahora<\/p>\n","protected":false},"author":2,"featured_media":1246,"parent":0,"menu_order":0,"comment_status":"closed","ping_status":"closed","template":"","meta":{"_acf_changed":false,"site-sidebar-layout":"no-sidebar","site-content-layout":"","ast-site-content-layout":"full-width-container","site-content-style":"default","site-sidebar-style":"default","ast-global-header-display":"","ast-banner-title-visibility":"","ast-main-header-display":"","ast-hfb-above-header-display":"","ast-hfb-below-header-display":"","ast-hfb-mobile-header-display":"","site-post-title":"","ast-breadcrumbs-content":"","ast-featured-img":"disabled","footer-sml-layout":"","theme-transparent-header-meta":"","adv-header-id-meta":"","stick-header-meta":"","header-above-stick-meta":"","header-main-stick-meta":"","header-below-stick-meta":"","astra-migrate-meta-layouts":"default","ast-page-background-enabled":"default","ast-page-background-meta":{"desktop":{"background-color":"var(--ast-global-color-5)","background-image":"","background-repeat":"repeat","background-position":"center center","background-size":"auto","background-attachment":"scroll","background-type":"","background-media":"","overlay-type":"","overlay-color":"","overlay-opacity":"","overlay-gradient":""},"tablet":{"background-color":"","background-image":"","background-repeat":"repeat","background-position":"center center","background-size":"auto","background-attachment":"scroll","background-type":"","background-media":"","overlay-type":"","overlay-color":"","overlay-opacity":"","overlay-gradient":""},"mobile":{"background-color":"","background-image":"","background-repeat":"repeat","background-position":"center center","background-size":"auto","background-attachment":"scroll","background-type":"","background-media":"","overlay-type":"","overlay-color":"","overlay-opacity":"","overlay-gradient":""}},"ast-content-background-meta":{"desktop":{"background-color":"var(--ast-global-color-4)","background-image":"","background-repeat":"repeat","background-position":"center center","background-size":"auto","background-attachment":"scroll","background-type":"","background-media":"","overlay-type":"","overlay-color":"","overlay-opacity":"","overlay-gradient":""},"tablet":{"background-color":"var(--ast-global-color-4)","background-image":"","background-repeat":"repeat","background-position":"center center","background-size":"auto","background-attachment":"scroll","background-type":"","background-media":"","overlay-type":"","overlay-color":"","overlay-opacity":"","overlay-gradient":""},"mobile":{"background-color":"var(--ast-global-color-4)","background-image":"","background-repeat":"repeat","background-position":"center center","background-size":"auto","background-attachment":"scroll","background-type":"","background-media":"","overlay-type":"","overlay-color":"","overlay-opacity":"","overlay-gradient":""}},"footnotes":""},"class_list":["post-4079","page","type-page","status-publish","has-post-thumbnail","hentry"],"acf":[],"_links":{"self":[{"href":"https:\/\/www.hwahae.com\/blog\/wp-json\/wp\/v2\/pages\/4079","targetHints":{"allow":["GET"]}}],"collection":[{"href":"https:\/\/www.hwahae.com\/blog\/wp-json\/wp\/v2\/pages"}],"about":[{"href":"https:\/\/www.hwahae.com\/blog\/wp-json\/wp\/v2\/types\/page"}],"author":[{"embeddable":true,"href":"https:\/\/www.hwahae.com\/blog\/wp-json\/wp\/v2\/users\/2"}],"replies":[{"embeddable":true,"href":"https:\/\/www.hwahae.com\/blog\/wp-json\/wp\/v2\/comments?post=4079"}],"version-history":[{"count":4,"href":"https:\/\/www.hwahae.com\/blog\/wp-json\/wp\/v2\/pages\/4079\/revisions"}],"predecessor-version":[{"id":4084,"href":"https:\/\/www.hwahae.com\/blog\/wp-json\/wp\/v2\/pages\/4079\/revisions\/4084"}],"wp:featuredmedia":[{"embeddable":true,"href":"https:\/\/www.hwahae.com\/blog\/wp-json\/wp\/v2\/media\/1246"}],"wp:attachment":[{"href":"https:\/\/www.hwahae.com\/blog\/wp-json\/wp\/v2\/media?parent=4079"}],"curies":[{"name":"wp","href":"https:\/\/api.w.org\/{rel}","templated":true}]}}